remainder when 1337 is divided by 115?
72
Calculate the remainder when 262 is divided by 60.
22
What is the remainder when 1930 is divided by 46?
44
Calculate the remainder when 478 is divided by 80.
78
What is the remainder when 319 is divided by 306?
13
Calculate the remainder when 159 is divided by 25.
9
Calculate the remainder when 458 is divided by 69.
44
What is the remainder when 128 is divided by 120?
8
Calculate the remainder when 120 is divided by 21.
15
Calculate the remainder when 279 is divided by 96.
87
Calculate the remainder when 24359 is divided by 42.
41
What is the remainder when 478 is divided by 124?
106
Calculate the remainder when 1868 is divided by 170.
168
What is the remainder when 279 is divided by 35?
34
Calculate the remainder when 1091 is divided by 15.
11
What is the remainder when 380 is divided by 11?
6
What is the remainder when 249 is divided by 100?
49
What is the remainder when 937 is divided by 34?
19
What is the remainder when 2572 is divided by 58?
20
What is the remainder when 64 is divided by 40?
24
Calculate the remainder when 1225 is divided by 243.
10
What is the remainder when 88 is divided by 23?
19
Calculate the remainder when 184 is divided by 37.
36
Calculate the remainder when 8731 is divided by 2907.
10
What is the remainder when 2209 is divided by 17?
16
Calculate the remainder when 1662 is divided by 236.
10
Calculate the remainder when 3520 is divided by 7.
6
What is the remainder when 56 is divided by 47?
9
Calculate the remainder when 1851 is divided by 314.
281
Calculate the remainder when 17 is divided by 4.
1
What is the remainder when 95 is divided by 25?
20
What is the remainder when 142 is divided by 127?
15
What is the remainder when 2219 is divided by 117?
113
What is the remainder when 114 is divided by 58?
56
What is the remainder when 42 is divided by 22?
20
What is the remainder when 537 is divided by 19?
5
Calculate the remainder when 238 is divided by 123.
115
What is the remainder when 582 is divided by 22?
10
What is the remainder when 3403 is divided by 37?
36
Calculate the remainder when 128 is divided by 33.
29
Calculate the remainder when 1821 is divided by 82.
17
What is the remainder when 410 is divided by 59?
56
Calculate the remainder when 368 is divided by 126.
116
Calculate the remainder when 569 is divided by 52.
49
What is the remainder when 1440 is divided by 14?
12
Calculate the remainder when 220 is divided by 6.
4
Calculate the remainder when 1578 is divided by 93.
90
What is the remainder when 105 is divided by 13?
1
What is the remainder when 473 is divided by 59?
1
Calculate the remainder when 216 is divided by 90.
36
What is the remainder when 517 is divided by 104?
101
What is the remainder when 991 is divided by 12?
7
Calculate the remainder when 160 is divided by 75.
10
What is the remainder when 206 is divided by 23?
22
What is the remainder when 750 is divided by 164?
94
Calculate the remainder when 20 is divided by 15.
5
What is the remainder when 251 is divided by 2?
1
Calculate the remainder when 536 is divided by 90.
86
What is the remainder when 4211 is divided by 13?
12
Calculate the remainder when 38 is divided by 17.
4
Calculate the remainder when 1290 is divided by 426.
12
What is the remainder when 212 is divided by 5?
2
Calculate the remainder when 382 is divided by 11.
8
What is the remainder when 4782 is divided by 13?
11
What is the remainder when 106 is divided by 28?
22
Calculate the remainder when 1033 is divided by 16.
9
What is the remainder when 147 is divided by 8?
3
What is the remainder when 3597 is divided by 13?
9
Calculate the remainder when 4171 is divided by 4.
3
What is the remainder when 1581 is divided by 11?
8
What is the remainder when 257 is divided by 24?
17
Calculate the remainder when 6056 is divided by 73.
70
Calculate the remainder when 748 is divided by 13.
7
Calculate the remainder when 165 is divided by 60.
45
What is the remainder when 21 is divided by 12?
9
What is the remainder when 556 is divided by 7?
3
Calculate the remainder when 919 is divided by 84.
79
What is the remainder when 827 is divided by 36?
35
What is the remainder when 1215 is divided by 207?
180
What is the remainder when 381 is divided by 24?
21
Calculate the remainder when 422 is divided by 9.
8
Calculate the remainder when 164 is divided by 69.
26
Calculate the remainder when 169 is divided by 46.
31
What is the remainder when 19 is divided by 5?
4
Calculate the remainder when 363 is divided by 9.
3
Calculate the remainder when 192 is divided by 78.
36
Calculate the remainder when 140 is divided by 46.
2
What is the remainder when 5993 is divided by 55?
53
What is the remainder when 315 is divided by 81?
72
Calculate the remainder when 178 is divided by 3.
1
Calculate the remainder when 76 is divided by 68.
8
What is the remainder when 1810 is divided by 599?
13
What is the remainder when 22307 is divided by 115?
112
What is the remainder when 3335 is divided by 21?
17
What is the remainder when 2141 is divided by 15?
11
What is the remainder when 603 is divided by 43?
1
What is the remainder when 161 is divided by 4?
1
Calculate the remainder when 14399 is divided by 9.
8
Calculate the remainder when 340 is divided by 57.
55
What is the remainder when 2306 is divided by 376?
50
Calculate the remainder when 1488 is divided by 107.
97
Calculate the remainder when 7642 is divided by 139.
136
What is the remainder when 255 is divided by 95?
65
What is the remainder when 1849 is divided by 74?
73
Calculate the remainder when 41 is divided by 10.
1
What is the remainder when 10077 is divided by 14?
11
Calculate the remainder when 561 is divided by 276.
9
Calculate the remainder when 50004 is divided by 28.
24
What is the remainder when 1596 is divided by 35?
21
What is the remainder when 366 is divided by 125?
116
What is the remainder when 4812 is divided by 2405?
2
Calculate the remainder when 21613 is divided by 112.
109
Calculate the remainder when 126 is divided by 4.
2
Calculate the remainder when 3030 is divided by 21.
6
Calculate the remainder when 107 is divided by 26.
3
Calculate the remainder when 192 is divided by 100.
92
Calculate the remainder when 159 is divided by 10.
9
What is the remainder when 354 is divided by 118?
0
Calculate the remainder when 524 is divided by 181.
162
Calculate the remainder when 1070 is divided by 267.
2
Calculate the remainder when 54 is divided by 51.
3
What is the remainder when 34 is divided by 10?
4
Calculate the remainder when 789 is divided by 7.
5
Calculate the remainder when 3517 is divided by 47.
39
What is the remainder when 133 is divided by 60?
13
What is the remainder when 55 is divided by 30?
25
Calculate the remainder when 266 is divided by 92.
82
What is the remainder when 728 is divided by 27?
26
Calculate the remainder when 61 is divided by 34.
27
Calculate the remainder when 2105 is divided by 43.
41
Calculate the remainder when 81 is divided by 50.
31
Calculate the remainder when 1413 is divided by 59.
56
Calculate the remainder when 116930 is divided by 92.
90
What is the remainder when 462 is divided by 88?
22
What is the remainder when 352 is divided by 348?
4
What is the remainder when 681 is divided by 36?
33
Calculate the remainder when 131 is divided by 24.
11
Calculate the remainder when 947 is divided by 35.
2
What is the remainder when 588 is divided by 163?
99
What is the remainder when 242 is divided by 6?
2
What is the remainder when 1017 is divided by 51?
48
What is the remainder when 1827 is divided by 166?
1
Calculate the remainder when 103 is divided by 39.
25
Calculate the remainder when 974 is divided by 8.
6
Calculate the remainder when 2064 is divided by 35.
34
Calculate the remainder when 221 is divided by 15.
11
What is the remainder when 4984 is divided by 24?
16
Calculate the remainder when 45 is divided by 21.
3
Calculate the remainder when 228 is divided by 25.
3
What is the remainder when 461 is divided by 42?
41
What is the remainder when 13048 is divided by 251?
247
What is the remainder when 152 is divided by 39?
35
What is the remainder when 24 is divided by 13?
11
Calculate the remainder when 3282 is divided by 73.
70
Calculate the remain